{"id":1554,"date":"2023-07-24T00:00:22","date_gmt":"2023-07-24T00:00:22","guid":{"rendered":"https:\/\/argentina15.marketingap.com.ar\/?page_id=1554"},"modified":"2023-09-26T03:55:09","modified_gmt":"2023-09-26T03:55:09","slug":"informes-de-politica","status":"publish","type":"page","link":"https:\/\/arg1punto5.com\/index.php\/informes-de-politica\/","title":{"rendered":"INFORMES DE POL\u00cdTICA"},"content":{"rendered":"\t\t<div data-elementor-type=\"wp-page\" data-elementor-id=\"1554\" class=\"elementor elementor-1554\" data-elementor-post-type=\"page\">\n\t\t\t\t\t\t\t\t\t<section class=\"elementor-section elementor-top-section elementor-element elementor-element-7688310 elementor-section-boxed elementor-section-height-default elementor-section-height-default\" data-id=\"7688310\" data-element_type=\"section\">\n\t\t\t\t\t\t<div class=\"elementor-container elementor-column-gap-default\">\n\t\t\t\t\t<div class=\"elementor-column elementor-col-100 elementor-top-column elementor-element elementor-element-de6fd2c\" data-id=\"de6fd2c\" data-element_type=\"column\">\n\t\t\t<div class=\"elementor-widget-wrap elementor-element-populated\">\n\t\t\t\t\t\t\t\t<div class=\"elementor-element elementor-element-825c822 elementor-widget elementor-widget-text-editor\" data-id=\"825c822\" data-element_type=\"widget\" data-widget_type=\"text-editor.default\">\n\t\t\t\t<div class=\"elementor-widget-container\">\n\t\t\t<style>\/*! elementor - v3.16.0 - 13-09-2023 *\/\n.elementor-widget-text-editor.elementor-drop-cap-view-stacked .elementor-drop-cap{background-color:#69727d;color:#fff}.elementor-widget-text-editor.elementor-drop-cap-view-framed .elementor-drop-cap{color:#69727d;border:3px solid;background-color:transparent}.elementor-widget-text-editor:not(.elementor-drop-cap-view-default) .elementor-drop-cap{margin-top:8px}.elementor-widget-text-editor:not(.elementor-drop-cap-view-default) .elementor-drop-cap-letter{width:1em;height:1em}.elementor-widget-text-editor .elementor-drop-cap{float:left;text-align:center;line-height:1;font-size:50px}.elementor-widget-text-editor .elementor-drop-cap-letter{display:inline-block}<\/style>\t\t\t\t<p><span style=\"font-weight: 400;\">Los<\/span><b> informes de pol\u00edtica <\/b><span style=\"font-weight: 400;\">presentan un an\u00e1lisis orientado a tomadores de decisiones, que resume los puntos principales de un tema junto a las opciones de pol\u00edtica, las principales conclusiones y recomendaciones con el fin de que sirvan de apoyo en la toma de decisiones.&nbsp;<\/span><\/p>\n<p><span style=\"font-weight: 400;\">Los productos elaborados por Argentina 1.5 est\u00e1n vinculados a la acci\u00f3n clim\u00e1tica de Argentina y otros pa\u00edses, en las negociaciones internacionales en el marco de la Convenci\u00f3n Marco de Naciones Unidas sobre Cambio Clim\u00e1tico y en el G20, as\u00ed como en lo relativo al r\u00e9gimen jur\u00eddico y a las pol\u00edticas clim\u00e1ticas nacionales y subnacionales. <\/span><\/p>\t\t\t\t\t\t<\/div>\n\t\t\t\t<\/div>\n\t\t\t\t\t<\/div>\n\t\t<\/div>\n\t\t\t\t\t\t\t<\/div>\n\t\t<\/section>\n\t\t\t\t<section class=\"elementor-section elementor-top-section elementor-element elementor-element-4c82418 elementor-section-boxed elementor-section-height-default elementor-section-height-default\" data-id=\"4c82418\" data-element_type=\"section\">\n\t\t\t\t\t\t<div class=\"elementor-container elementor-column-gap-default\">\n\t\t\t\t\t<div class=\"elementor-column elementor-col-100 elementor-top-column elementor-element elementor-element-fa20926\" data-id=\"fa20926\" data-element_type=\"column\">\n\t\t\t<div class=\"elementor-widget-wrap elementor-element-populated\">\n\t\t\t\t\t\t\t\t<div class=\"elementor-element elementor-element-86a3206 elementor-grid-3 elementor-grid-tablet-2 elementor-grid-mobile-1 elementor-posts--thumbnail-top load-more-align-center elementor-widget elementor-widget-posts\" data-id=\"86a3206\" data-element_type=\"widget\" data-settings=\"{&quot;pagination_type&quot;:&quot;load_more_on_click&quot;,&quot;classic_columns&quot;:&quot;3&quot;,&quot;classic_columns_tablet&quot;:&quot;2&quot;,&quot;classic_columns_mobile&quot;:&quot;1&quot;,&quot;classic_row_gap&quot;:{&quot;unit&quot;:&quot;px&quot;,&quot;size&quot;:35,&quot;sizes&quot;:[]},&quot;classic_row_gap_tablet&quot;:{&quot;unit&quot;:&quot;px&quot;,&quot;size&quot;:&quot;&quot;,&quot;sizes&quot;:[]},&quot;classic_row_gap_mobile&quot;:{&quot;unit&quot;:&quot;px&quot;,&quot;size&quot;:&quot;&quot;,&quot;sizes&quot;:[]},&quot;load_more_spinner&quot;:{&quot;value&quot;:&quot;fas fa-spinner&quot;,&quot;library&quot;:&quot;fa-solid&quot;}}\" data-widget_type=\"posts.classic\">\n\t\t\t\t<div class=\"elementor-widget-container\">\n\t\t\t<link rel=\"stylesheet\" href=\"https:\/\/arg1punto5.com\/wp-content\/plugins\/elementor-pro\/assets\/css\/widget-posts.min.css\">\t\t<div class=\"elementor-posts-container elementor-posts elementor-posts--skin-classic elementor-grid\">\n\t\t\t\t<article class=\"elementor-post elementor-grid-item post-5192 post type-post status-publish format-standard has-post-thumbnail hentry category-arg1-5 category-informe-de-politica category-nivel_internacional tag-cambio-climatico tag-energia tag-mitigacion tag-negociaciones\">\n\t\t\t\t<a class=\"elementor-post__thumbnail__link\" href=\"https:\/\/arg1punto5.com\/index.php\/2026\/03\/10\/informe-de-politica-nro-23-vinculos-entre-la-transparencia-climatica-y-la-transicion-energetica-justa\/\" tabindex=\"-1\" target=&quot;_blank&quot;>\n\t\t\t<div class=\"elementor-post__thumbnail\"><img decoding=\"async\" loading=\"lazy\" width=\"1218\" height=\"1500\" src=\"https:\/\/arg1punto5.com\/wp-content\/uploads\/2026\/03\/Captura-de-pantalla-2026-03-10-a-las-9.32.18\u202fa.-m.png\" class=\"attachment-full size-full wp-image-5191\" alt=\"\" srcset=\"https:\/\/arg1punto5.com\/wp-content\/uploads\/2026\/03\/Captura-de-pantalla-2026-03-10-a-las-9.32.18\u202fa.-m.png 1218w, https:\/\/arg1punto5.com\/wp-content\/uploads\/2026\/03\/Captura-de-pantalla-2026-03-10-a-las-9.32.18\u202fa.-m-244x300.png 244w, https:\/\/arg1punto5.com\/wp-content\/uploads\/2026\/03\/Captura-de-pantalla-2026-03-10-a-las-9.32.18\u202fa.-m-831x1024.png 831w, https:\/\/arg1punto5.com\/wp-content\/uploads\/2026\/03\/Captura-de-pantalla-2026-03-10-a-las-9.32.18\u202fa.-m-768x946.png 768w\" sizes=\"(max-width: 1218px) 100vw, 1218px\" \/><\/div>\n\t\t<\/a>\n\t\t\t\t<div class=\"elementor-post__text\">\n\t\t\t\t<h3 class=\"elementor-post__title\">\n\t\t\t<a href=\"https:\/\/arg1punto5.com\/index.php\/2026\/03\/10\/informe-de-politica-nro-23-vinculos-entre-la-transparencia-climatica-y-la-transicion-energetica-justa\/\" target=&quot;_blank&quot;>\n\t\t\t\tInforme de Pol\u00edtica nro. 23. V\u00ednculos entre la transparencia clim\u00e1tica y la transici\u00f3n energ\u00e9tica justa\t\t\t<\/a>\n\t\t<\/h3>\n\t\t\t\t<div class=\"elementor-post__excerpt\">\n\t\t\t<p>Marzo de 2026 Autora: M. Lourdes Manrique Resumen En el contexto de la Convenci\u00f3n Marco de las Naciones Unidas sobre el Cambio Clim\u00e1tico (CMNUCC) y<\/p>\n\t\t<\/div>\n\t\t\t\t\t<div class=\"elementor-post__read-more-wrapper\">\n\t\t\n\t\t<a class=\"elementor-post__read-more\" href=\"https:\/\/arg1punto5.com\/index.php\/2026\/03\/10\/informe-de-politica-nro-23-vinculos-entre-la-transparencia-climatica-y-la-transicion-energetica-justa\/\" aria-label=\"Read more about Informe de Pol\u00edtica nro. 23. V\u00ednculos entre la transparencia clim\u00e1tica y la transici\u00f3n energ\u00e9tica justa\" tabindex=\"-1\" target=\"_blank\">\n\t\t\tLeer m\u00e1s...\t\t<\/a>\n\n\t\t\t\t\t<\/div>\n\t\t\t\t<\/div>\n\t\t\t\t<\/article>\n\t\t\t\t<article class=\"elementor-post elementor-grid-item post-5183 post type-post status-publish format-standard has-post-thumbnail hentry category-arg1-5 category-informe-de-politica category-nivel_internacional tag-cambio-climatico tag-energia tag-financiamiento tag-negociaciones\">\n\t\t\t\t<a class=\"elementor-post__thumbnail__link\" href=\"https:\/\/arg1punto5.com\/index.php\/2026\/03\/04\/informe-de-politica-nro-22-estrategias-de-financiamiento-innovadoras-para-acelerar-la-transicion-energetica-justa-fortalezas-y-debilidades-de-las-asociaciones-para-una-transicion-energetica-justa-y\/\" tabindex=\"-1\" target=&quot;_blank&quot;>\n\t\t\t<div class=\"elementor-post__thumbnail\"><img decoding=\"async\" loading=\"lazy\" width=\"1218\" height=\"1498\" src=\"https:\/\/arg1punto5.com\/wp-content\/uploads\/2026\/03\/Captura-de-pantalla-2026-03-03-a-las-6.15.01\u202fp.-m.png\" class=\"attachment-full size-full wp-image-5182\" alt=\"\" srcset=\"https:\/\/arg1punto5.com\/wp-content\/uploads\/2026\/03\/Captura-de-pantalla-2026-03-03-a-las-6.15.01\u202fp.-m.png 1218w, https:\/\/arg1punto5.com\/wp-content\/uploads\/2026\/03\/Captura-de-pantalla-2026-03-03-a-las-6.15.01\u202fp.-m-244x300.png 244w, https:\/\/arg1punto5.com\/wp-content\/uploads\/2026\/03\/Captura-de-pantalla-2026-03-03-a-las-6.15.01\u202fp.-m-833x1024.png 833w, https:\/\/arg1punto5.com\/wp-content\/uploads\/2026\/03\/Captura-de-pantalla-2026-03-03-a-las-6.15.01\u202fp.-m-768x945.png 768w\" sizes=\"(max-width: 1218px) 100vw, 1218px\" \/><\/div>\n\t\t<\/a>\n\t\t\t\t<div class=\"elementor-post__text\">\n\t\t\t\t<h3 class=\"elementor-post__title\">\n\t\t\t<a href=\"https:\/\/arg1punto5.com\/index.php\/2026\/03\/04\/informe-de-politica-nro-22-estrategias-de-financiamiento-innovadoras-para-acelerar-la-transicion-energetica-justa-fortalezas-y-debilidades-de-las-asociaciones-para-una-transicion-energetica-justa-y\/\" target=&quot;_blank&quot;>\n\t\t\t\tInforme de Pol\u00edtica nro. 22. Estrategias de financiamiento innovadoras para acelerar la transici\u00f3n energ\u00e9tica justa. Fortalezas y debilidades de las Asociaciones para una Transici\u00f3n Energ\u00e9tica Justa y las Plataformas Nacionales\t\t\t<\/a>\n\t\t<\/h3>\n\t\t\t\t<div class=\"elementor-post__excerpt\">\n\t\t\t<p>Marzo de 2026 Autor: Jos\u00e9 Fernandez Alonso Resumen&nbsp; Durante los \u00faltimos a\u00f1os, se ensayaron diferentes estrategias de financiamiento orientadas a la capitalizaci\u00f3n de procesos de<\/p>\n\t\t<\/div>\n\t\t\t\t\t<div class=\"elementor-post__read-more-wrapper\">\n\t\t\n\t\t<a class=\"elementor-post__read-more\" href=\"https:\/\/arg1punto5.com\/index.php\/2026\/03\/04\/informe-de-politica-nro-22-estrategias-de-financiamiento-innovadoras-para-acelerar-la-transicion-energetica-justa-fortalezas-y-debilidades-de-las-asociaciones-para-una-transicion-energetica-justa-y\/\" aria-label=\"Read more about Informe de Pol\u00edtica nro. 22. Estrategias de financiamiento innovadoras para acelerar la transici\u00f3n energ\u00e9tica justa. Fortalezas y debilidades de las Asociaciones para una Transici\u00f3n Energ\u00e9tica Justa y las Plataformas Nacionales\" tabindex=\"-1\" target=\"_blank\">\n\t\t\tLeer m\u00e1s...\t\t<\/a>\n\n\t\t\t\t\t<\/div>\n\t\t\t\t<\/div>\n\t\t\t\t<\/article>\n\t\t\t\t<article class=\"elementor-post elementor-grid-item post-5166 post type-post status-publish format-standard has-post-thumbnail hentry category-arg1-5 category-informe-de-politica category-nivel_internacional tag-cambio-climatico tag-energia tag-mitigacion tag-negociaciones\">\n\t\t\t\t<a class=\"elementor-post__thumbnail__link\" href=\"https:\/\/arg1punto5.com\/index.php\/2026\/02\/26\/informe-de-politica-nro-21-el-desafio-de-la-sociedad-civil-latinoamericana-de-incidir-en-la-traduccion-de-la-ambicion-en-resultados-en-la-cop30\/\" tabindex=\"-1\" target=&quot;_blank&quot;>\n\t\t\t<div class=\"elementor-post__thumbnail\"><img decoding=\"async\" loading=\"lazy\" width=\"1220\" height=\"1470\" src=\"https:\/\/arg1punto5.com\/wp-content\/uploads\/2026\/02\/Captura-de-pantalla-2026-02-26-a-las-8.49.44\u202fa.-m.png\" class=\"attachment-full size-full wp-image-5165\" alt=\"\" srcset=\"https:\/\/arg1punto5.com\/wp-content\/uploads\/2026\/02\/Captura-de-pantalla-2026-02-26-a-las-8.49.44\u202fa.-m.png 1220w, https:\/\/arg1punto5.com\/wp-content\/uploads\/2026\/02\/Captura-de-pantalla-2026-02-26-a-las-8.49.44\u202fa.-m-249x300.png 249w, https:\/\/arg1punto5.com\/wp-content\/uploads\/2026\/02\/Captura-de-pantalla-2026-02-26-a-las-8.49.44\u202fa.-m-850x1024.png 850w, https:\/\/arg1punto5.com\/wp-content\/uploads\/2026\/02\/Captura-de-pantalla-2026-02-26-a-las-8.49.44\u202fa.-m-768x925.png 768w\" sizes=\"(max-width: 1220px) 100vw, 1220px\" \/><\/div>\n\t\t<\/a>\n\t\t\t\t<div class=\"elementor-post__text\">\n\t\t\t\t<h3 class=\"elementor-post__title\">\n\t\t\t<a href=\"https:\/\/arg1punto5.com\/index.php\/2026\/02\/26\/informe-de-politica-nro-21-el-desafio-de-la-sociedad-civil-latinoamericana-de-incidir-en-la-traduccion-de-la-ambicion-en-resultados-en-la-cop30\/\" target=&quot;_blank&quot;>\n\t\t\t\tInforme de Pol\u00edtica nro. 21. El desaf\u00edo de la sociedad civil latinoamericana de incidir en la traducci\u00f3n de la ambici\u00f3n en resultados en la COP30\t\t\t<\/a>\n\t\t<\/h3>\n\t\t\t\t<div class=\"elementor-post__excerpt\">\n\t\t\t<p>Febrero de 2026 Autora: Victoria Laguzzi Resumen El resultado final de la COP30 revela una tensi\u00f3n estructural profunda: mientras la condici\u00f3n de Brasil como pa\u00eds<\/p>\n\t\t<\/div>\n\t\t\t\t\t<div class=\"elementor-post__read-more-wrapper\">\n\t\t\n\t\t<a class=\"elementor-post__read-more\" href=\"https:\/\/arg1punto5.com\/index.php\/2026\/02\/26\/informe-de-politica-nro-21-el-desafio-de-la-sociedad-civil-latinoamericana-de-incidir-en-la-traduccion-de-la-ambicion-en-resultados-en-la-cop30\/\" aria-label=\"Read more about Informe de Pol\u00edtica nro. 21. El desaf\u00edo de la sociedad civil latinoamericana de incidir en la traducci\u00f3n de la ambici\u00f3n en resultados en la COP30\" tabindex=\"-1\" target=\"_blank\">\n\t\t\tLeer m\u00e1s...\t\t<\/a>\n\n\t\t\t\t\t<\/div>\n\t\t\t\t<\/div>\n\t\t\t\t<\/article>\n\t\t\t\t<article class=\"elementor-post elementor-grid-item post-5161 post type-post status-publish format-standard has-post-thumbnail hentry category-arg1-5 category-informe-de-politica category-nivel_internacional category-proyecto-etf tag-cambio-climatico tag-energia tag-financiamiento tag-mitigacion tag-negociaciones\">\n\t\t\t\t<a class=\"elementor-post__thumbnail__link\" href=\"https:\/\/arg1punto5.com\/index.php\/2026\/02\/04\/informe-de-politica-nro-20-vinculos-del-programa-de-trabajo-de-transicion-justa-y-el-financiamiento-climatico\/\" tabindex=\"-1\" target=&quot;_blank&quot;>\n\t\t\t<div class=\"elementor-post__thumbnail\"><img decoding=\"async\" loading=\"lazy\" width=\"1220\" height=\"1584\" src=\"https:\/\/arg1punto5.com\/wp-content\/uploads\/2026\/02\/Captura-de-pantalla-2026-02-04-a-las-9.12.18\u202fa.-m.png\" class=\"attachment-full size-full wp-image-5160\" alt=\"\" srcset=\"https:\/\/arg1punto5.com\/wp-content\/uploads\/2026\/02\/Captura-de-pantalla-2026-02-04-a-las-9.12.18\u202fa.-m.png 1220w, https:\/\/arg1punto5.com\/wp-content\/uploads\/2026\/02\/Captura-de-pantalla-2026-02-04-a-las-9.12.18\u202fa.-m-231x300.png 231w, https:\/\/arg1punto5.com\/wp-content\/uploads\/2026\/02\/Captura-de-pantalla-2026-02-04-a-las-9.12.18\u202fa.-m-789x1024.png 789w, https:\/\/arg1punto5.com\/wp-content\/uploads\/2026\/02\/Captura-de-pantalla-2026-02-04-a-las-9.12.18\u202fa.-m-768x997.png 768w, https:\/\/arg1punto5.com\/wp-content\/uploads\/2026\/02\/Captura-de-pantalla-2026-02-04-a-las-9.12.18\u202fa.-m-1183x1536.png 1183w\" sizes=\"(max-width: 1220px) 100vw, 1220px\" \/><\/div>\n\t\t<\/a>\n\t\t\t\t<div class=\"elementor-post__text\">\n\t\t\t\t<h3 class=\"elementor-post__title\">\n\t\t\t<a href=\"https:\/\/arg1punto5.com\/index.php\/2026\/02\/04\/informe-de-politica-nro-20-vinculos-del-programa-de-trabajo-de-transicion-justa-y-el-financiamiento-climatico\/\" target=&quot;_blank&quot;>\n\t\t\t\tInforme de Pol\u00edtica nro. 20. V\u00ednculos del Programa de Trabajo de Transici\u00f3n Justa y el financiamiento clim\u00e1tico\t\t\t<\/a>\n\t\t<\/h3>\n\t\t\t\t<div class=\"elementor-post__excerpt\">\n\t\t\t<p>Febrero 2026 Autora: Nicole Makowski Resumen La decisi\u00f3n adoptada en la 30\u00b0 Conferencia de las Partes (COP30) de la Convenci\u00f3n Marco de las Naciones Unidas<\/p>\n\t\t<\/div>\n\t\t\t\t\t<div class=\"elementor-post__read-more-wrapper\">\n\t\t\n\t\t<a class=\"elementor-post__read-more\" href=\"https:\/\/arg1punto5.com\/index.php\/2026\/02\/04\/informe-de-politica-nro-20-vinculos-del-programa-de-trabajo-de-transicion-justa-y-el-financiamiento-climatico\/\" aria-label=\"Read more about Informe de Pol\u00edtica nro. 20. V\u00ednculos del Programa de Trabajo de Transici\u00f3n Justa y el financiamiento clim\u00e1tico\" tabindex=\"-1\" target=\"_blank\">\n\t\t\tLeer m\u00e1s...\t\t<\/a>\n\n\t\t\t\t\t<\/div>\n\t\t\t\t<\/div>\n\t\t\t\t<\/article>\n\t\t\t\t<article class=\"elementor-post elementor-grid-item post-5146 post type-post status-publish format-standard has-post-thumbnail hentry category-arg1-5 category-informe-de-politica category-nivel_internacional category-proyecto-etf tag-cambio-climatico tag-energia tag-genero tag-mitigacion tag-negociaciones\">\n\t\t\t\t<a class=\"elementor-post__thumbnail__link\" href=\"https:\/\/arg1punto5.com\/index.php\/2026\/01\/21\/informe-de-politica-nro-19-transicion-energetica-justa-y-genero-puntos-de-encuentro-en-la-cop30\/\" tabindex=\"-1\" target=&quot;_blank&quot;>\n\t\t\t<div class=\"elementor-post__thumbnail\"><img decoding=\"async\" loading=\"lazy\" width=\"1226\" height=\"1452\" src=\"https:\/\/arg1punto5.com\/wp-content\/uploads\/2026\/01\/Captura-de-pantalla-2026-01-21-a-las-11.47.58\u202fa.-m.png\" class=\"attachment-full size-full wp-image-5150\" alt=\"\" srcset=\"https:\/\/arg1punto5.com\/wp-content\/uploads\/2026\/01\/Captura-de-pantalla-2026-01-21-a-las-11.47.58\u202fa.-m.png 1226w, https:\/\/arg1punto5.com\/wp-content\/uploads\/2026\/01\/Captura-de-pantalla-2026-01-21-a-las-11.47.58\u202fa.-m-253x300.png 253w, https:\/\/arg1punto5.com\/wp-content\/uploads\/2026\/01\/Captura-de-pantalla-2026-01-21-a-las-11.47.58\u202fa.-m-865x1024.png 865w, https:\/\/arg1punto5.com\/wp-content\/uploads\/2026\/01\/Captura-de-pantalla-2026-01-21-a-las-11.47.58\u202fa.-m-768x910.png 768w\" sizes=\"(max-width: 1226px) 100vw, 1226px\" \/><\/div>\n\t\t<\/a>\n\t\t\t\t<div class=\"elementor-post__text\">\n\t\t\t\t<h3 class=\"elementor-post__title\">\n\t\t\t<a href=\"https:\/\/arg1punto5.com\/index.php\/2026\/01\/21\/informe-de-politica-nro-19-transicion-energetica-justa-y-genero-puntos-de-encuentro-en-la-cop30\/\" target=&quot;_blank&quot;>\n\t\t\t\tInforme de Pol\u00edtica nro. 19. Transici\u00f3n energ\u00e9tica justa y g\u00e9nero: Puntos de encuentro en la COP30\t\t\t<\/a>\n\t\t<\/h3>\n\t\t\t\t<div class=\"elementor-post__excerpt\">\n\t\t\t<p>Enero 2026 Autora: Antonela Busconi Resumen En la \u00faltima d\u00e9cada, la integraci\u00f3n de la perspectiva de g\u00e9nero en la gobernanza clim\u00e1tica ha atravesado una evoluci\u00f3n<\/p>\n\t\t<\/div>\n\t\t\t\t\t<div class=\"elementor-post__read-more-wrapper\">\n\t\t\n\t\t<a class=\"elementor-post__read-more\" href=\"https:\/\/arg1punto5.com\/index.php\/2026\/01\/21\/informe-de-politica-nro-19-transicion-energetica-justa-y-genero-puntos-de-encuentro-en-la-cop30\/\" aria-label=\"Read more about Informe de Pol\u00edtica nro. 19. Transici\u00f3n energ\u00e9tica justa y g\u00e9nero: Puntos de encuentro en la COP30\" tabindex=\"-1\" target=\"_blank\">\n\t\t\tLeer m\u00e1s...\t\t<\/a>\n\n\t\t\t\t\t<\/div>\n\t\t\t\t<\/div>\n\t\t\t\t<\/article>\n\t\t\t\t<article class=\"elementor-post elementor-grid-item post-5140 post type-post status-publish format-standard has-post-thumbnail hentry category-alianzasarg category-arg1-5 category-cocoa category-documento category-nivel_internacional tag-adaptacion tag-btr tag-cambio-climatico tag-financiamiento tag-gga tag-meta-global-de-adaptacion\">\n\t\t\t\t<a class=\"elementor-post__thumbnail__link\" href=\"https:\/\/arg1punto5.com\/index.php\/2025\/12\/30\/cocoa-technical-paper-assessing-adaptation-in-latin-americas-first-btrs-linkages-with-the-global-goal-adaptation-and-the-uae-framework-for-global-climate-resilience\/\" tabindex=\"-1\" target=&quot;_blank&quot;>\n\t\t\t<div class=\"elementor-post__thumbnail\"><img decoding=\"async\" loading=\"lazy\" width=\"1214\" height=\"1688\" src=\"https:\/\/arg1punto5.com\/wp-content\/uploads\/2025\/11\/Captura-de-pantalla-2025-11-12-a-las-11.18.29\u202fa.-m.png\" class=\"attachment-full size-full wp-image-5125\" alt=\"\" srcset=\"https:\/\/arg1punto5.com\/wp-content\/uploads\/2025\/11\/Captura-de-pantalla-2025-11-12-a-las-11.18.29\u202fa.-m.png 1214w, https:\/\/arg1punto5.com\/wp-content\/uploads\/2025\/11\/Captura-de-pantalla-2025-11-12-a-las-11.18.29\u202fa.-m-216x300.png 216w, https:\/\/arg1punto5.com\/wp-content\/uploads\/2025\/11\/Captura-de-pantalla-2025-11-12-a-las-11.18.29\u202fa.-m-736x1024.png 736w, https:\/\/arg1punto5.com\/wp-content\/uploads\/2025\/11\/Captura-de-pantalla-2025-11-12-a-las-11.18.29\u202fa.-m-768x1068.png 768w, https:\/\/arg1punto5.com\/wp-content\/uploads\/2025\/11\/Captura-de-pantalla-2025-11-12-a-las-11.18.29\u202fa.-m-1105x1536.png 1105w\" sizes=\"(max-width: 1214px) 100vw, 1214px\" \/><\/div>\n\t\t<\/a>\n\t\t\t\t<div class=\"elementor-post__text\">\n\t\t\t\t<h3 class=\"elementor-post__title\">\n\t\t\t<a href=\"https:\/\/arg1punto5.com\/index.php\/2025\/12\/30\/cocoa-technical-paper-assessing-adaptation-in-latin-americas-first-btrs-linkages-with-the-global-goal-adaptation-and-the-uae-framework-for-global-climate-resilience\/\" target=&quot;_blank&quot;>\n\t\t\t\tCoCoA Technical Paper. Assessing adaptation in Latin America\u2019s first BTRs: linkages with the Global Goal Adaptation and the UAE Framework for Global Climate Resilience\t\t\t<\/a>\n\t\t<\/h3>\n\t\t\t\t<div class=\"elementor-post__excerpt\">\n\t\t\t<p>Autorxs: Mar\u00eda Luz Falivene Fern\u00e1ndez, Laureano Corval\u00e1n, Pilar Bueno Rubial, Joel Gonz\u00e1lez, Victoria Laguzzi &amp; Carolina Passet Diciembre 2025 This technical paper analyses how 19<\/p>\n\t\t<\/div>\n\t\t\t\t\t<div class=\"elementor-post__read-more-wrapper\">\n\t\t\n\t\t<a class=\"elementor-post__read-more\" href=\"https:\/\/arg1punto5.com\/index.php\/2025\/12\/30\/cocoa-technical-paper-assessing-adaptation-in-latin-americas-first-btrs-linkages-with-the-global-goal-adaptation-and-the-uae-framework-for-global-climate-resilience\/\" aria-label=\"Read more about CoCoA Technical Paper. Assessing adaptation in Latin America\u2019s first BTRs: linkages with the Global Goal Adaptation and the UAE Framework for Global Climate Resilience\" tabindex=\"-1\" target=\"_blank\">\n\t\t\tLeer m\u00e1s...\t\t<\/a>\n\n\t\t\t\t\t<\/div>\n\t\t\t\t<\/div>\n\t\t\t\t<\/article>\n\t\t\t\t<\/div>\n\t\t\t\t\t<span class=\"e-load-more-spinner\">\n\t\t\t\t<i aria-hidden=\"true\" class=\"fas fa-spinner\"><\/i>\t\t\t<\/span>\n\t\t\n\t\t\t\t<div class=\"e-load-more-anchor\" data-page=\"1\" data-max-page=\"6\" data-next-page=\"https:\/\/arg1punto5.com\/index.php\/wp-json\/wp\/v2\/pages\/1554\/page\/2\/\"><\/div>\n\t\t\t\t<div class=\"elementor-button-wrapper\">\n\t\t\t<a href=\"#\" class=\"elementor-button-link elementor-button\" role=\"button\">\n\t\t\t\t\t\t<span class=\"elementor-button-content-wrapper\">\n\t\t\t\t\t\t<span class=\"elementor-button-text\">Cargar m\u00e1s.<\/span>\n\t\t<\/span>\n\t\t\t\t\t<\/a>\n\t\t<\/div>\n\t\t\t\t<div class=\"e-load-more-message\"><\/div>\n\t\t\t\t<\/div>\n\t\t\t\t<\/div>\n\t\t\t\t\t<\/div>\n\t\t<\/div>\n\t\t\t\t\t\t\t<\/div>\n\t\t<\/section>\n\t\t\t\t\t\t\t<\/div>\n\t\t","protected":false},"excerpt":{"rendered":"<p>Los informes de pol\u00edtica presentan un an\u00e1lisis orientado a tomadores de decisiones, que resume los puntos principales de un tema junto a las opciones de pol\u00edtica, las principales conclusiones y recomendaciones con el fin de que sirvan de apoyo en la toma de decisiones.&nbsp; Los productos elaborados por Argentina 1.5 est\u00e1n vinculados a la acci\u00f3n [&hellip;]<\/p>\n","protected":false},"author":1,"featured_media":0,"parent":0,"menu_order":0,"comment_status":"closed","ping_status":"closed","template":"elementor_canvas","meta":{"footnotes":""},"_links":{"self":[{"href":"https:\/\/arg1punto5.com\/index.php\/wp-json\/wp\/v2\/pages\/1554"}],"collection":[{"href":"https:\/\/arg1punto5.com\/index.php\/wp-json\/wp\/v2\/pages"}],"about":[{"href":"https:\/\/arg1punto5.com\/index.php\/wp-json\/wp\/v2\/types\/page"}],"author":[{"embeddable":true,"href":"https:\/\/arg1punto5.com\/index.php\/wp-json\/wp\/v2\/users\/1"}],"replies":[{"embeddable":true,"href":"https:\/\/arg1punto5.com\/index.php\/wp-json\/wp\/v2\/comments?post=1554"}],"version-history":[{"count":55,"href":"https:\/\/arg1punto5.com\/index.php\/wp-json\/wp\/v2\/pages\/1554\/revisions"}],"predecessor-version":[{"id":4451,"href":"https:\/\/arg1punto5.com\/index.php\/wp-json\/wp\/v2\/pages\/1554\/revisions\/4451"}],"wp:attachment":[{"href":"https:\/\/arg1punto5.com\/index.php\/wp-json\/wp\/v2\/media?parent=1554"}],"curies":[{"name":"wp","href":"https:\/\/api.w.org\/{rel}","templated":true}]}}